e 0 = a + 3 + 1. Let w be (10/2 - 1) + a. Suppose -300 = -w*d - 5*d. What is the highest common divisor of d and 12?
12
Suppose -2 - 2 = 4*w - 4*g, 0 = 3*g + 9. Let l be w/22 + 2180/11. Let m = -48 - -70. What is the highest common factor of l and m?
22
Suppose 3*t = -f + 3*f + 12, 0 = -5*f. Suppose 2*q - 18 = t. Let z(b) = b + 5. Let d be z(q). What is the greatest common factor of d and 4?
4
Suppose 3*l - 90 = -12. Let g = -130 - -228. Suppose 4*x - 110 = g. Calculate the greatest common factor of l and x.
26
Let x = 411 + -117. Calculate the highest common factor of 28 and x.
14
Suppose 3*o - 8 = -2*s + 2, 2*s - 10 = 3*o. Suppose r = -o*r + 10. Let l be r*((-7)/(-5) - 1). Calculate the greatest common divisor of l and 6.
2
Let a be 382/24 - 47/(-564). Calculate the highest common divisor of 752 and a.
16
Let s(a) be the third derivative of -37*a**4/24 - 8*a**3/3 + 10*a**2. Let q be s(-4). What is the highest common factor of 12 and q?
12
Suppose -6*z - 39 = 3. Let s(b) = 5*b**2 + 5*b + 21. Let o be s(z). What is the highest common factor of 21 and o?
21
Let p(d) = 94*d**3 + 2*d**2 - d. Let b be p(1). Suppose 5*s + 4*a - 445 = 0, 2*a - b = -2*s + s. Calculate the greatest common divisor of s and 17.
17
Let m be ((-2)/(-6))/(1/3). Let s(p) = 12*p - 1. Let a be s(m). Let t(x) = x + 31. Let c be t(-20). What is the greatest common factor of c and a?
11
Suppose 0*b - 2*b = -12. Suppose 2*m = b*m - 24. Let t be (-2)/(-8) - (-14)/8. Calculate the greatest common divisor of t and m.
2
Let u = 1924 - 1916. What is the highest common divisor of u and 64?
8
Suppose -10 = 47*f - 52*f. Let c be 12/7 - 4/(-14). What is the highest common divisor of f and c?
2
Let c be ((-8)/(-16))/(1482/(-1484) - -1). What is the highest common factor of 7 and c?
7
Suppose 23 = 2*q - f, 3*q + 3*f - 29 = 2*q. Calculate the highest common divisor of 1148 and q.
14
Let m be (-135)/60 - 3/4. Let t be (-4 - m)*(-17 - 0). What is the highest common divisor of 17 and t?
17
Let d = -1 - -36. Suppose 4*a - 231 = -d. Suppose -2*b + 0*c + 23 = c, 4*b = c + a. What is the highest common factor of 12 and b?
12
Let j(a) = a + 1. Let m(p) = -86*p + 7. Let k(d) = -3*j(d) + m(d). Let o be k(-2). What is the greatest common divisor of o and 26?
26
Let o be 63/4 - 14/(-56). Let q(r) = -9*r - 2. Let c(f) = f**2 + 5*f - 2. Let b be c(-5). Let w be q(b). Calculate the greatest common factor of o and w.
16
Suppose -27 = -2*u + 1. Let q(r) = 12*r - 1. Let x be q(3). What is the greatest common divisor of x and u?
7
Suppose -5*v + 6*v - 30 = 0. Suppose 31*h = v*h + 3. Let s = -56 + 80. What is the highest common divisor of s and h?
3
Suppose 0*o - r + 6 = o, 5*o - 3*r = 6. Suppose -p + o*p = 28. Suppose 4*v = 148 - 36. Calculate the greatest common divisor of p and v.
14
Suppose 50*q - 52*q - 5*m = -835, -5*q + 3*m + 2103 = 0. Calculate the highest common divisor of 60 and q.
60
Suppose -3*q = 15*q - 7254. What is the greatest common factor of q and 62?
31
Let t = -262 - -314. What is the highest common factor of 169 and t?
13
Let n(i) = 16*i. Let f be n(1). Suppose -k = 2*m - 16, 2*m + k - 2*k - f = 0. Let r be 6/1 + m + -10. What is the greatest common divisor of r and 8?
4
Suppose -27 = -3*p - 4*y, -2*p + 18 = -y + 5*y. Suppose -z + 44 = p. Let n = z + -30. Calculate the greatest common factor of 15 and n.
5
Let p = -1132 - -1151. Suppose -h + 6*h - 570 = 0. What is the highest common divisor of p and h?
19
Let h be 20/6*((-14382)/15)/(-17). What is the greatest common factor of 235 and h?
47
Let p be -4 + -159*(-8 + 5). Calculate the highest common divisor of p and 11.
11
Let n(t) = -2*t**2 + 35*t - 87. Let b be n(14). What is the greatest common factor of b and 517?
11
Let a(g) = -g**2 + 14*g - 8. Let j be a(13). Let l = 36 - 35. Calculate the highest common factor of l and j.
1
Let c = 200 + -122. Suppose -4*n + 644 - 176 = 0. What is the greatest common factor of n and c?
39
Let k(u) = 9*u + 8. Suppose 5*q = 8*q + 18. Let v be k(q). Let s = -30 - v. What is the greatest common factor of s and 40?
8
Let c(a) = -17*a - 170. Let v be c(-21). What is the greatest common factor of 34 and v?
17
Suppose 47 = 5*f - 2*k, 2*k = 6*f - 3*f - 25. What is the greatest common factor of f and 891?
11
Let c = -44 + 75. Suppose 3*w + 114 = 5*g, c = 2*g - w - 14. Calculate the greatest common divisor of 7 and g.
7
Let m = -133 - -95. Let i = m + 68. Suppose 5*b = -0*b + i. Calculate the highest common divisor of b and 3.
3
Let o(i) be the first derivative of i**3/3 - 12*i + 10. Let f be o(6). Let g = 35 - f. Calculate the greatest common divisor of 88 and g.
11
Suppose 11*o = 26*o - 8640. What is the greatest common divisor of o and 16?
16
Let d be 2 + ((-33)/(-39) - 4/(-26)). Suppose 6 = -d*g, 2*y - 6*y = g - 142. What is the highest common factor of y and 324?
36
Let w be (-2)/(-8) + 14/8. Suppose -a = 3*a - 5*n - 44, -32 = -w*a + 5*n. Let z(q) = 29*q - 13. Let c be z(a). Calculate the highest common factor of 23 and c.
23
Let b = -524 - -800. Calculate the greatest common factor of b and 24.
12
Let h = -141 + 36. Let s = 77 - h. Calculate the highest common divisor of s and 26.
26
Let m(g) = g**2 + 5*g - 9. Let u be m(-7). Suppose 0*r = -u*r. Suppose -3*a - 2*a + 1400 = r. Calculate the highest common divisor of 35 and a.
35
Suppose -7*w + 5*w - 3*t = -103, 2*t = 2*w - 78. What is the greatest common factor of w and 1496?
44
Suppose 42*b - 4200 = 36*b. What is the highest common divisor of 40 and b?
20
Suppose b + 1 = 6. Suppose -2*f - 10 = h - 6*f, -b*f + 38 = 3*h. What is the highest common divisor of 6 and h?
6
Suppose 3*a - 6*a = 0. Let u = 16 - a. Suppose -6*n = 3*n - 216. What is the highest common divisor of n and u?
8
Suppose 3*a - 4*b - 31 = 0, 0*b - 2*b = 4*a - 12. Suppose 0 = 3*t - a*l - 21, 5*t + 2*l - 4 + 0 = 0. What is the highest common factor of t and 2?
2
Suppose -4*w = -37 - 23. Suppose -5*o = r + 44, -4*r - 43 = 5*o - 2*r. Let p = w + o. Calculate the highest common factor of p and 9.
3
Let m(x) be the second derivative of x**5/20 - 5*x**3/6 - x**2 - 6*x. Let q be m(-3). Let a be 3/7 - 78/q. Calculate the greatest common factor of 42 and a.
6
Let w = -35 + 61. Let l be (w/4)/((-2)/(-20)). Suppose 5*j + b = 130, 0 = -4*j + 6*j + 5*b - 52. Calculate the highest common factor of l and j.
13
Suppose -6*t + 3*t = -15. Suppose -t*y + 2*y + 24 = 0. Calculate the highest common divisor of 16 and y.
8
Let w be -5 - ((1 - (-2 - -6)) + 3). Let f(k) = k**3 + 7*k**2 + 4*k + 10. Let j be f(w). What is the greatest common factor of j and 16?
8
Let i = 545 - 531. What is the highest common divisor of 32 and i?
2
Suppose 5*c = -3*j + 36, -12 = -3*j - 2*c + 15. Suppose 9*p - 208 = j*p. Calculate the highest common divisor of p and 8.
8
Let z = 66 - 25. Suppose 0 = 5*m - 5*a - 55, 0*m + z = 4*m - a. What is the highest common factor of m and 2?
2
Suppose -3*l + 110 = 2*l - 2*d, -5*l - 2*d + 130 = 0. Let q = -17 + l. Suppose -19 = -4*o - q. What is the highest common factor of o and 24?
3
Suppose 0 = 12*j - 24*j + 1248. Suppose 4*b = 3*b + 16. Suppose b = 6*w - j. Calculate the highest common divisor of w and 60.
20
Let f = 5 - 3. Let l(j) = -2*j + 3. Let r be l(-1). Suppose 3 = r*p - 57. What is the greatest common factor of f and p?
2
Suppose 0 = -2*x + z + 20, -x + z + 56 = 4*x. Let a be 23742/108 - (-2)/x. Suppose 2*f + 2*f = 80. What is the highest common factor of f and a?
20
Let c be 3/(9/552) - 2. Let g = c - 62. Let s(t) = t**3 - 12*t**2 + 16*t - 7. Let q be s(11). Calculate the highest common divisor of q and g.
24
Suppose 0 = -m - 3*q + 16, 5*q - q + 80 = 5*m. Let t be 32/16 - (m*-3 + 0). Calculate the highest common divisor of 125 and t.
25
Suppose 358*t - 418 = 356*t. Calculate the greatest common divisor of 19 and t.
19
Suppose -n + 8 = m, 5*m + 4*n - n = 32. Suppose 2*d + m*k - 23 = k, -d - 4*k = -4. Calculate the highest common factor of d and 2.
2
Let n(m) = 2*m. Let k be n(2). Suppose 75 = -4*p - 3*h, 7*p - 3*p + 80 = -k*h. Let b be (-10)/p - 32/(-6). Calculate the greatest common divisor of b and 6.
6
Let v = 5 + 2. Let m be (((-11011)/78)/11)/(2/(-12)). Calculate the greatest common factor of m and v.
7
Let w be -2 - (-21 + 2) - 0. Let v be (-1 + -9 - -1) + 128. Calculate the grea